 t a composite number?
True
Suppose s = -3*j + 3, 6 = 4*j - 3*s - 11. Let p(u) = -2*u**j - u - 52*u**3 + 2*u + 340*u**3. Is p(1) a prime number?
False
Let m(f) = -f**3 + 12*f**2 + 7*f - 63. Let n be m(12). Suppose 15*h - 597708 = -n*h. Is h a prime number?
True
Let v(o) = 2469*o - 206. Let n be v(7). Let b = n + -6942. Is b a composite number?
True
Suppose 0 = 5*u + 4*p - 29, -2*p + 7*p = 3*u - 47. Is (-5755)/(-3) + 15/u + -1 a prime number?
False
Let v(o) be the third derivative of 0*o + 0 - 1/8*o**4 + 413/6*o**3 - 22*o**2. Is v(0) composite?
True
Let q be (1 - -1)/((-344)/22876). Suppose 4*m - 976 = -0*m. Let h = q + m. Is h prime?
False
Let s(n) = 2*n**2 + 7*n + 9. Let o be s(-5). Let l(p) = o*p - 151*p + 7 - 9. Is l(-7) prime?
True
Let s = 635 + 2124. Is s a composite number?
True
Let l(r) = 386*r**2 - 2*r - 67. Is l(-15) composite?
False
Let p(j) = j**2 + 9*j - 68. Let f be p(-14). Suppose i = -3*k + 1024, -k = 2*i + f*i - 4041. Is i a prime number?
True
Suppose -t + 346 = -59. Is 1141749/t + (-2)/15 a prime number?
True
Let y(q) = 17226*q - 3793. Is y(17) prime?
True
Let h be (-2)/2 + 6/(-2) + 2366. Suppose h*w - 2367*w = -8465. Is w prime?
True
Let q be ((-4)/(-10) + 204/(-60))*-3. Suppose -q*x + 8*x + 4*f = -1069, -3*x + 3207 = -f. Is x prime?
True
Let m(a) = a**3 - 4*a**2 - a + 2. Let n be m(4). Let x be -3 - (n*10 - (2 - -1)). Suppose 560 = 5*y + 3*o, -3*o + 7*o + x = 0. Is y a composite number?
True
Let u(d) = d**3 - d**2 - 4*d. Let w be u(3). Suppose 6*v - 6 = w. Suppose c + 1667 = v*q - 1894, 3*c = 3*q - 5340. Is q a composite number?
True
Let f = 17 + -115. Let a = f - -1359. Is a a prime number?
False
Let p(g) = -g**3 + 22*g**2 - 15*g - 11. Let d = 3 + 25. Let v = d + -7. Is p(v) a composite number?
True
Let o = -37436 - -1148305. Is o a prime number?
False
Is (2632653/(-30))/(21/(-210)) composite?
True
Suppose -5*q = -c - 4*q + 2088129, -3*q = -4*c + 8352508. Is c prime?
False
Suppose -6*d - 3848 + 64265 + 20193 = 0. Is d prime?
False
Suppose -3*m + 1887 = -372. Let t be 35/2*(65 - -3). Let c = t - m. Is c prime?
False
Let y = 76858 + 45585. Is y composite?
False
Suppose -323 = 9*j - 332. Let c = 1 + -4. Is 4486*j*(c/(-2))/3 prime?
True
Let n(t) = 6*t - 46. Let u be n(8). Suppose 4*v = -u*p + 8414, 9*p - 21000 = 4*p - 3*v. Is p prime?
False
Let z = -89 - -157. Let s = z - 68. Suppose -m + 1381 = -s*m. Is m a prime number?
True
Let v = -2 + 60. Let o = 61 - v. Suppose -o*m + 1713 = -0*w + w, -m - 5119 = -3*w. Is w prime?
False
Is (-1 - 6469104/(-42) - 10/35) + 2 prime?
True
Let m = 18 + -8. Is 2367 + (-12)/(-30)*m a composite number?
False
Suppose 2*d - 5 = 1. Suppose -d*c + 4*l + 20 = c, 3*c = -5*l - 1. Suppose -q + 1378 = 2*s, -4*s + 707 = -c*s - 4*q. Is s composite?
False
Let o(f) = 14*f**2 + 3*f + 3. Suppose 5*n + 2 - 13 = 4*m, m + 1 = 3*n. Let z be o(n). Let j(p) = 12*p**2 - 19*p + 15. Is j(z) composite?
True
Suppose 4*f + 0*f = -5*z + 8, 2 = 5*z + f. Let j(x) = 9*x**3 + 16*x**3 + 4 - 5*x + z*x**2 - 31*x**3 + 2*x**2. Is j(-3) a composite number?
False
Suppose 5*y - 1356 - 2924 = 0. Let m = y + -435. Let r = m - 118. Is r a composite number?
True
Suppose -140*k - 535*k + 421941825 = 0. Is k prime?
False
Is 8*(-1371)/(-6)*(-594)/(-216) a composite number?
True
Is 3*14/525 + 42630646/50 composite?
False
Let y(u) = -2*u**3 + 2*u**2 + 5*u - 7. Let x be y(2). Is ((-121)/22 - x)*(-28506)/1 prime?
False
Let c be (-15)/(-4)*4/(-12)*-4. Suppose -c*z + 4*d = -65203, 3*z + 0*d - 4*d = 39117. Is z prime?
True
Suppose 5*c = 2*f + 19 + 12, 4*f - 4*c = -80. Let a = -29 - f. Let d(i) = -45*i - 19. Is d(a) a prime number?
True
Let l be (3 + (-36)/16)*4. Suppose 1278 = l*u + 267. Is u composite?
False
Suppose -150 = 9*m + 192. Let n = -45 - m. Is ((-4767)/n)/(2/4*2) a composite number?
True
Let g = 2 - 16. Let p be ((-83)/(-2))/(2 + (-294)/144). Is 7/(g/p) - (-1 + 0) composite?
False
Let x(z) = -41539*z + 642. Is x(-5) a prime number?
True
Let p be (-31488)/(-9) + -3 + 2/(-3). Suppose -3*h - 2320 = -l - l, -3*l + p = 3*h. Is l a composite number?
False
Is 138/(-161) + (-87649995)/(-105) a composite number?
False
Suppose 7 = -3*b + 4*b + 4*r, 4*b = 2*r - 8. Let f(m) = -17519*m**3 - m**2 - 7*m - 6. Is f(b) composite?
False
Let w be 2 + -3 + (-17 - 2576). Let f = 13779 + w. Is f a composite number?
True
Let a = -68270 + 99739. Is a prime?
True
Suppose 166*f - 27008 = 164*f + 2*z, -3*f + 40492 = z. Is f composite?
False
Let r(a) = 126*a**2 + 24*a - 153. Let n(o) = -63*o**2 - 11*o + 77. Let u(w) = -5*n(w) - 2*r(w). Is u(6) a prime number?
False
Let n = -30 + 33. Suppose n*p = -12, d = 5*d - p - 30044. Suppose m = -9*m + d. Is m a prime number?
True
Let f be 16/2*87/12. Suppose -4*l = -f + 38. Is (-90935)/26*(-2)/l prime?
True
Let g = 220866 + -101549. Is g composite?
True
Suppose 211*a = 256*a - 2363805. Is a a prime number?
True
Suppose 220 = -2*i - 4*s, 4*i + 56*s = 57*s - 458. Is (-343444)/i - (-1)/3 a composite number?
True
Let p(s) = 373*s**2 - 4*s + 2. Let b(d) = -d + 1. Let h(u) = -3*b(u) + p(u). Let a be h(1). Let o = -104 + a. Is o prime?
False
Suppose -3*h + 4*h + n = 26, 0 = 2*h + 4*n - 46. Let j(p) = 569*p - h - 21 + 52. Is j(1) a prime number?
True
Suppose -46*p + 1946189 = 87*p. Is p a composite number?
False
Let r(z) = 120685*z + 1951. Is r(6) prime?
False
Let n(q) be the third derivative of q**6/72 + 31*q**5/120 + 3*q**4/8 + 4*q**2. Let p(i) be the second derivative of n(i). Is p(17) composite?
True
Let z(g) = -1811*g + 953. Is z(-6) a composite number?
True
Suppose 61598450 = 905*b - 855*b. Is b a prime number?
False
Suppose -3124061 = -82*w + 1370441. Is w prime?
False
Let p be 94815/36 + 5 - 1/(-4). Let n be (p/116)/(1*1/(-4)). Let k = 345 + n. Is k a prime number?
False
Let a be -129*(-108)/20 - 4/(-10). Let i = a - 474. Is i prime?
True
Is (-62)/(-5)*((-663)/1768 - (-26126)/16) a prime number?
False
Is (-4)/36 + 22837892/126 prime?
True
Let g(k) = k**3 + 24*k**2 + 22*k - 21. Let m be g(-23). Suppose -m*u + 949 = -639. Is u a prime number?
False
Let r = 4389 + -6503. Let l = r + 3811. Let p = l - 858. Is p prime?
True
Let j(v) = 327*v**3 + 10*v**2 - 9*v + 36. Is j(10) a prime number?
False
Let i(b) = b**3 - b**2 + 1. Let c(x) = -6*x**3 - 15*x**2 + 21*x - 2. Let y(v) = c(v) + 5*i(v). Let a be y(-21). Is 0 + a - (-45270)/9 a prime number?
False
Let w(t) be the first derivative of t**3 - t**2 + 21*t + 28. Is w(-6) a composite number?
True
Let a be 25/((-475)/(-2)) - 72/(-38). Suppose 10520 = 4*d + 2*n, 0*d + 7897 = 3*d - a*n. Is d prime?
False
Suppose g - 669 = 4*s, -5*s = 6*g - 2*g - 2676. Let w = 1437 - g. Let c = -547 + w. Is c a prime number?
False
Let c(j) = -4*j + 8. Let d be c(-5). Suppose 5*o - 4*p = -2*p + d, 3*p = 5*o - 32. Suppose 4*m + 3*z - o*z - 4345 = 0, m + z - 1090 = 0. Is m composite?
False
Let h(i) = 42*i**3 - 13*i**2 - 18*i + 58. Let x be h(12). Suppose 177*a - x = 163*a. Is a prime?
True
Let y(s) = -7*s - 104. Let m be y(-16). Is m + 0 - 4 - (-6386 + 1) prime?
True
Let o(j) = -82*j**3 + 22*j**2 - 6*j - 17. Let f(s) = s**3 + s**2 - 1. Let y(v) = 6*f(v) - o(v). Is y(4) a composite number?
True
Suppose 10*p = 143 - 43. Suppose -6*v - 9640 = -p*v + c, 7229 = 3*v - c. Is v a prime number?
True
Let w(q) = -19 + 104*q**3 + 19*q**2 + 3*q**2 + 20*q - 103*q**3. Let y be w(-21). Suppose 0*p - 2*p - 97 = -d, y*p - 259 = -3*d. Is d prime?
True
Is 63980 + ((-8)/(-12))/(42/54 + -1) prime?
True
Let p(u) = 14851*u + 153. Let k be p(31). Suppose 0 = -42*w - 100888 + k. Is w a prime number?
True
Suppose -5*r - 114 = 76. Let p = 101 + r. Suppose 0 = 2*y + p - 217. Is y prime?
False
Suppose -3*i - 3*m - 99 = 0, -3*m + 172 = -5*i - m. Let v = -33 - i. Is (7 - 2)/(v/449) a prime number?
False
Let o(r) = 825162*r**3 - 17*r**2 + 18*r - 2. Is o(1) composite?
False
Let g = 1229 - 1245. Let o be 2/4 + (-946)/(-4). Let l = g + o. Is l prime?
False
Let j(m) = m**2 - 22*m - 15. Let x be j(23). Let v = -7 + x. Let i(c) = 1151*c**2 - c + 1. Is i(v) prime?
True
Suppose -5*o + 327 = 4*p - 532, 6 = 2*o. Let z = 92 - p. Let c = z + 750. Is c a prime number?
True
Suppose -30*g + 11*g + 10841255 = 28*g. Is g a prime number?
False
Let f(t) = t**2 - 263*t - 1535. Is f(-136) prime?
False
Suppose -20980 = 6*h - 62302. Is h composite?
True
Let h(c)